mmon divisor of 56 and i?
14
Suppose -7*t + 5*t = -138. Calculate the highest common factor of 46 and t.
23
Let r(n) = -1 - 3*n - 4*n - 2*n**2 - 5 + 3*n**2. Let c be r(-7). What is the greatest common divisor of c and 23?
23
Let p be (-5 - -3)/(2/(-16)). Calculate the greatest common factor of p and 176.
16
Suppose -3*i + 3*m = -333, -4*m = i - m - 99. What is the highest common divisor of i and 12?
12
Let j = 39 + 2. Let y = j - 19. What is the greatest common factor of 154 and y?
22
Suppose -373 = 5*d - 1533. What is the highest common divisor of 29 and d?
29
Let c(b) = -b**3 + 4*b**2 + 4*b - 6. Let j be c(4). Let t be j*-18*2/(-4). Let u be ((-60)/(-21))/(4/14). Calculate the greatest common divisor of u and t.
10
Let x(v) = v**2 + 15*v + 8. Let s be x(13). Suppose -104 = -w - 2*a, 0*w + 4*w - s = 3*a. Calculate the highest common divisor of w and 24.
24
Let y be 2/((-56)/(-2252)) - (-4)/7. Calculate the greatest common factor of y and 18.
9
Suppose -3*m + 2*o + 20 = 0, o = m + 3*m - 35. What is the highest common divisor of 20 and m?
10
Let j(r) = -2*r**3 + r**2 - 6*r - 1. Let q be j(-5). Calculate the greatest common divisor of q and 38.
38
Let o(y) = 4*y**2 + 2*y. Let k be o(2). Let j = -8 + k. What is the highest common factor of 60 and j?
12
Let r = -226 - -324. Let u be (6 + -4)/(2/14). What is the greatest common divisor of u and r?
14
Let b(x) = 2*x**2 + 6*x + 4. Let t be b(-5). Calculate the highest common divisor of t and 120.
24
Suppose 7*x - 103 = 338. Let g = 17 - 8. What is the greatest common factor of g and x?
9
Suppose 5*u - 2*u = 336. Suppose u = 3*y + y. Let h be 30/8 - (-2)/8. What is the highest common divisor of y and h?
4
Let b = 22 - -185. Let r(k) = k - 1. Let v be r(3). Suppose 4*m = -4*x + 98 - 26, v*m = 5*x - 125. What is the greatest common factor of x and b?
23
Let y be 28/12 - 1/3. Suppose -62 = -4*s - y*r, r = -3*s + 3*r + 36. Calculate the highest common divisor of s and 112.
14
Let z be (-2)/(-5) + 68/5. Let q(n) = n**3 + 6*n**2 + n - 6. Let c be q(-5). What is the highest common factor of z and c?
14
Let a = 23 - 6. Let p = a - 8. Calculate the highest common divisor of p and 6.
3
Let g = 94 + -14. Suppose 5*n + 17 + 3 = 0. Let h be (-2)/((8/10)/n). What is the highest common factor of g and h?
10
Let w = -4 - 0. Let z be 4/(-3)*6/w. Suppose -5*i - 2*k + 74 = 0, 38 = 2*i + 3*k + 2*k. Calculate the highest common divisor of i and z.
2
Let v be -8*-7*(1 + 0). Suppose 5*q = -0*q + 70. What is the greatest common factor of q and v?
14
Let u be (-14)/(-1) + 4/2. Suppose 0 = 125*o - 130*o + 400. Calculate the highest common factor of o and u.
16
Let u(j) = -3*j**3 + j**2 + 9*j + 7. Let s be u(-3). Calculate the greatest common factor of 10 and s.
10
Suppose -11*z = -8*z - 21. Calculate the highest common divisor of z and 7.
7
Let g = -18 + 22. Suppose t + 480 = g*t. What is the greatest common divisor of t and 20?
20
Let t = 59 - 21. What is the greatest common divisor of 57 and t?
19
Let q(g) be the third derivative of g**4/12 - 2*g**3/3 + 2*g**2. Let d be q(5). Calculate the highest common divisor of 48 and d.
6
Let p be (0 + 0)*(-4 - -5). Suppose p = -3*z + 2*o + 291, 3*o - 8*o + 510 = 5*z. Calculate the highest common factor of 11 and z.
11
Let l(g) = -g - 1. Let q(m) = -m**3 - 7*m**2 + 8*m - 7. Let k be q(-8). Let z be l(k). Calculate the greatest common factor of 18 and z.
6
Let k(i) = -2*i + 53. Let v be k(-8). Calculate the greatest common divisor of v and 92.
23
Let q = 1 + -7. Let h(d) = -21*d + 2. Let m be h(q). Calculate the greatest common divisor of m and 16.
16
Let a = 10 + -5. Suppose 0 = a*d - 30. Let z(s) = s**2 - 5*s + 5. Let h be z(d). What is the greatest common factor of 55 and h?
11
Let o(i) = 5*i**3 - i**2 - 4*i + 3. Let u be o(2). Calculate the greatest common divisor of u and 217.
31
Suppose 0 = s - 0*y + 3*y - 9, 4*y + 12 = 0. Calculate the highest common factor of 90 and s.
18
Let x(v) = v - 9. Let u be x(7). Let c = u + 3. Calculate the highest common factor of c and 9.
1
Let x = 24 + 41. Calculate the highest common divisor of x and 26.
13
Let i = 47 - 2. Suppose -4*r - 1 = 7. Let d be ((-45)/r)/3*2. Calculate the highest common divisor of i and d.
15
Let c(x) = -x**3 + 2*x**2 + 4*x - 3. Let f be c(3). Let h be f - (3 + -4) - -2. What is the highest common factor of h and 3?
3
Suppose 2*g - 2 = t + 8, -4*g + t + 18 = 0. Let q be (-14)/(-3 + (-15)/(-6)). Calculate the highest common factor of q and g.
4
Let o be (-6 - -2)*3/6. Let m(x) = -4*x**3 + 2*x**2 - x - 2. Let i be m(o). Calculate the greatest common divisor of 16 and i.
8
Let t = 35 + -9. Calculate the highest common factor of t and 39.
13
Suppose 61 = 3*v - 5*u - 269, 3*u = 5*v - 534. Calculate the highest common divisor of 21 and v.
21
Suppose q - 3 = -3*l, 0 = -2*l - 2*l - 12. Calculate the highest common factor of q and 24.
12
Let w = 174 - 99. Calculate the greatest common divisor of 30 and w.
15
Suppose 5*z + 49 = -2*a - 4, -5*z + 4*a - 29 = 0. Let t be (z + -6)*6/(-10). Let u = 74 + -47. What is the highest common factor of u and t?
9
Let x = -88 + 136. What is the highest common divisor of 12 and x?
12
Suppose 3*r + 5*n + 39 = 0, -6 = -3*r - 3*n - 39. Let h be 24 - r/(1 + -5). Calculate the greatest common divisor of 2 and h.
2
Suppose -3*x + 112 = -311. Let d = x - 86. Calculate the greatest common divisor of 5 and d.
5
Suppose 8*x - 7*x + 5*r - 25 = 0, 2*x = r + 94. What is the highest common factor of 75 and x?
15
Suppose 4*x - 4 = 4. Suppose 0 = x*j - 38 - 18. Suppose -28 - j = -4*z. What is the highest common divisor of 7 and z?
7
Let k be 174/12 - 1/(-2). Suppose 4*q - y - 302 = 0, 6*q + 2*y = 2*q + 296. What is the highest common factor of q and k?
15
Suppose 23 - 62 = -3*j. Calculate the highest common factor of j and 39.
13
Suppose 0 = 6*x - 3*x - 9. Suppose 397 = x*o + 109. Let h = 8 + 4. Calculate the greatest common divisor of o and h.
12
Let w be 1/3 + 14/3. Let z be ((-2)/(-4))/((-1)/(-4)). Suppose -s - n = -z*n - 15, -w*n = 15. Calculate the greatest common divisor of s and 24.
12
Suppose 500 = 20*y - 16*y. What is the highest common divisor of y and 25?
25
Let b be (-6 + (-9 - -5))*(-45)/2. Calculate the highest common factor of b and 25.
25
Suppose 2*d + d = 6. Suppose -d*p + 197 = 15. What is the greatest common divisor of p and 13?
13
Let i = -4 - -3. Let p be (i - (-2)/2) + 153. Calculate the greatest common factor of p and 17.
17
Let m(w) = -32*w - 17. Let j be m(-5). What is the highest common divisor of j and 13?
13
Let o(y) = y + 10. Let d be o(-7). Suppose 3*a + h - 5 = -d*h, -9 = -4*a - 3*h. Let n be 27 + 0 + 0 + a. Calculate the greatest common factor of 6 and n.
6
Suppose h + 11 = 5*b, -3*h = -0*b - b + 5. Suppose 2*t = -3*v + 31, -2*v + 0*t = -b*t - 14. Calculate the greatest common factor of v and 63.
9
Suppose 4*p - 3*p - 2 = 0. Suppose 0 = -3*g + 15, 1 = 3*q - p*g + g. Suppose 7 - 1 = q*k. Calculate the highest common divisor of k and 1.
1
Suppose 0 = -2*h + d - 0*d + 56, -d = h - 34. What is the highest common factor of 45 and h?
15
Suppose 0 = -4*y + 15 - 3. Suppose -y*x + 139 = -176. Let c be ((-14)/4)/((-19)/228). Calculate the highest common divisor of x and c.
21
Suppose 11*u - 1778 = -95. Calculate the greatest common factor of u and 51.
51
Let p(y) = 3*y - 5. Let j be p(5). Let o = -6 - -11. Let b = o + 5. What is the greatest common factor of b and j?
10
Let d(v) = -v**3 + 8*v**2 + 6*v - 20. Let u be d(8). Calculate the highest common factor of u and 308.
28
Let n = -117 - -272. Let o = n + -80. Calculate the greatest common factor of o and 30.
15
Suppose -6*j + 5*a + 23 = -5*j, -3*a + 159 = 3*j. Suppose 3 = r - 3. Suppose 0 = 2*y - r - 6. Calculate the greatest common factor of j and y.
6
Let r(y) = 8*y**2 - 4*y + 8. Let f be r(4). What is the highest common divisor of 15 and f?
15
Suppose -2*a + 26 = -0*a. Let o(l) = l**2 + 18*l + 41. Let y be o(-21). Calculate the greatest common divisor of a and y.
13
Let y = 11 + -2. Let f be 2 + -2 + (3 - 4). Let x = 0 - f. What is the greatest common factor of y and x?
1
Let c be 33/(1/(-1)) - -2. Let v = c + 43. Suppose -5*a + 5*w + 18 = -4*a, w = 2*a - 18. Calculate the highest common factor of a and v.
4
Suppose 3*z + 4*w - 21 = 